(y) = -10*y + 163. Give r(17).
-7
Let l(u) = u**3 - 5*u**2 - 23*u + 2. Give l(8).
10
Let v(t) = 3*t**2 + t + 6. What is v(6)?
120
Let o(n) = 2*n**2 + 28*n - 52. Calculate o(-15).
-22
Let s(c) = 4*c + 152. Calculate s(-36).
8
Let l(i) = i**2 - 2*i - 21. Give l(-5).
14
Let g(x) = -2*x**2 + 4*x + 19. Give g(6).
-29
Let b(v) = 2*v**2 - 14*v - 3. What is b(7)?
-3
Let r(n) = -n**2 - 10*n - 14. What is r(-8)?
2
Let g(m) = 6*m**3 + 2*m - 1. What is g(0)?
-1
Let s(q) = q**3 - 5*q**2 - q - 5. Give s(5).
-10
Let w(g) = -2*g**2 - 3*g - 1. What is w(5)?
-66
Let p(m) = -9*m - 7. What is p(-6)?
47
Let w(b) = -b**3 - 9*b**2 + 23*b + 24. Determine w(-11).
13
Let f(s) = -s**3 - 6*s**2 - 6*s + 1. Calculate f(-6).
37
Let y(h) = 3*h + 54. Give y(-24).
-18
Let z(m) = m**2 - 9*m + 18. Determine z(8).
10
Let w(c) = c**2 - 10*c + 15. Determine w(10).
15
Let n(u) = u**2 - 2*u + 4. Give n(2).
4
Let n(d) = 13*d - 34. Determine n(4).
18
Let f(u) = u**3 + 4*u + 1. What is f(2)?
17
Let v(x) = x**2 + 8*x. What is v(-8)?
0
Let y(l) = -l**3 + 15*l**2 + l - 8. What is y(15)?
7
Let d(t) = -t - 6. Give d(1).
-7
Let f(y) = -y**3 + 14*y**2 + 2*y + 8. Give f(14).
36
Let u(j) = -4*j**2 - 6*j - 4. Give u(-1).
-2
Let r(b) = b**3 + 9*b**2 - 8*b - 2. What is r(-10)?
-22
Let n(v) = 2*v**3 - 8*v**2 - 10*v - 7. Determine n(5).
-7
Let g(t) = -10*t**2 + 3*t. Calculate g(-3).
-99
Let s(b) = -b**3 - 14*b**2 - 9*b + 36. Determine s(-13).
-16
Let a(o) = 6*o**3 - o + 1. Calculate a(1).
6
Let p(i) = -i**2 + 26*i - 23. Determine p(26).
-23
Let h(n) = -n**3 + 4*n**2 - n + 3. Determine h(4).
-1
Let p(m) = 3*m**2 - 17*m - 9. Calculate p(6).
-3
Let y(h) = h**3 + 5*h**2 - 7*h - 8. Calculate y(-6).
-2
Let f(n) = -n**3 + 5*n**2 + 5*n + 3. Calculate f(-3).
60
Let h(t) = -t**3 - 10*t**2 - 17*t - 59. Determine h(-9).
13
Let n(t) = -t**2 - 6*t - 11. Determine n(-7).
-18
Let b(g) = -9*g - 23. Determine b(12).
-131
Let f(q) = 38*q - 458. Determine f(12).
-2
Let t(c) = 8*c - 88. Calculate t(13).
16
Let t(p) = p**3 + 11*p**2 + 9*p - 6. Determine t(-10).
4
Let w(i) = i**2 + 28*i + 29. Give w(-25).
-46
Let d(i) = i**3 + 16*i**2 - 2*i - 12. What is d(-16)?
20
Let f(z) = 10*z + 14. What is f(-7)?
-56
Let b(z) = 4*z**3 + z**2 - 1. Calculate b(1).
4
Let m(s) = -13*s - 89. Determine m(-7).
2
Let s(j) = -2*j**2 + 14*j - 39. Determine s(5).
-19
Let w(y) = -4*y - 117. What is w(-31)?
7
Let t(l) = -l**3 + 12*l**2 + 2*l - 27. Calculate t(12).
-3
Let m(b) = 2*b**3 - 21*b**2 + 11*b - 27. Calculate m(10).
-17
Let w(y) = y**2 + 9*y + 10. What is w(-9)?
10
Let h(o) = -o**3 + o**2 + 4*o + 2. What is h(-3)?
26
Let b(u) = u**2 - 4*u - 4. Give b(4).
-4
Let w(u) = -u**3 + 10*u**2 + 5*u - 9. Calculate w(10).
41
Let l(h) = h**3 - 2*h + 6. What is l(0)?
6
Let r(v) = v - 1. Determine r(3).
2
Let a(d) = 3*d**2 - 30*d + 86. Calculate a(5).
11
Let z(v) = -v**2 - 12*v - 13. What is z(-7)?
22
Let u(r) = 5*r + 8. Calculate u(-6).
-22
Let g(k) = -6*k + 18. Give g(11).
-48
Let v(k) = 23*k + 3. Calculate v(-3).
-66
Let v(d) = -5*d - 54. What is v(-11)?
1
Let a(f) = 3*f - 2. What is a(25)?
73
Let n(f) = f**2 - 12*f - 8. Calculate n(15).
37
Let b(y) = -y**3 - 49. Give b(0).
-49
Let w(u) = -2*u**3 + 5*u**2 - 6*u + 8. Give w(4).
-64
Let n(t) = t**2 + 7*t + 8. Give n(-5).
-2
Let z(d) = -d**2 + 9*d - 5. Calculate z(9).
-5
Let n(t) = -4*t + 8. What is n(4)?
-8
Let y(x) = -x**3 + 4*x**2 + x + 5. Give y(4).
9
Let c(i) = -5*i**2 - 5*i - 4. What is c(-3)?
-34
Let w(o) = -o**2 + 12*o - 2. Give w(12).
-2
Let w(q) = -6*q**3 + 2*q**2 + 1. What is w(2)?
-39
Let l(r) = -3*r**2 + 6*r - 4. What is l(4)?
-28
Let z(w) = -4*w**2 - 9*w - 3. Give z(-3).
-12
Let a(w) = 5*w**2 + 3*w - 4. Determine a(1).
4
Let l(i) = 4*i - 13. Give l(4).
3
Let u(f) = 2*f + 33. Calculate u(-25).
-17
Let x(a) = a**3 - 7*a**2 + 9*a. Determine x(6).
18
Let g(k) = -k**2 - k - 4. Determine g(5).
-34
Let o(n) = -n**3 + 11*n**2 + 15*n - 18. Calculate o(13).
-161
Let p(f) = 3*f + 42. Calculate p(-16).
-6
Let c(f) = -f**3 - 8*f**2 - f - 12. Determine c(-8).
-4
Let f(n) = n**3 - 3*n**2 - n - 1. What is f(3)?
-4
Let x(r) = 6*r**2 - 54*r + 54. Calculate x(1).
6
Let v(g) = -4*g + 11. Give v(3).
-1
Let h(z) = -z**3 + 7*z**2 + 30*z + 7. What is h(10)?
7
Let w(p) = 3*p**3 - 17*p**2 + 5*p + 24. Determine w(5).
-1
Let h(c) = -2*c + 8. Determine h(5).
-2
Let b(h) = -34*h + 23. Calculate b(0).
23
Let r(c) = -c**3 - 7*c**2 - 8*c - 12. Calculate r(-6).
0
Let j(b) = -b**3 + 5*b**2 + 2*b - 7. Give j(5).
3
Let g(s) = s**3 - 8*s**2 + 3*s. What is g(7)?
-28
Let d(v) = 15*v - 49. What is d(3)?
-4
Let j(f) = -f**3 - 3*f**2 + 2*f + 5. Calculate j(-3).
-1
Let w(i) = -i**3 - 6*i**2 + i - 9. Determine w(-7).
33
Let j(w) = -w**3 + 16*w**2 + 17*w + 2. What is j(17)?
2
Let u(k) = -10*k + 42. Determine u(12).
-78
Let k(d) = -2*d**3 - 8*d**2 + 35*d - 6. What is k(3)?
-27
Let t(q) = -q**3 + 2*q**2 + 16*q + 1. What is t(5)?
6
Let l(w) = -w**3 - 3*w**2 + 8*w + 4. Give l(-4).
-12
Let q(l) = -l**2 - 6*l - 5. Give q(-6).
-5
Let z(w) = w - 66. What is z(0)?
-66
Let a(g) = -2*g**2 + 14*g + 14. What is a(8)?
-2
Let m(l) = l**3 - 17*l**2 - 38*l + 3. Give m(19).
3
Let o(z) = -4*z**3 - 17*z**2 - z + 10. Determine o(-4).
-2
Let z(j) = j**3 + 14*j**2 + 14*j - 5. Calculate z(-12).
115
Let v(b) = b**3 + 8*b**2 + 12*b - 11. What is v(-6)?
-11
Let b(r) = -9*r**3 + 3*r**2 + r - 1. What is b(-1)?
10
Let n(s) = -s**3 - 9*s**2 - 10*s - 8. Calculate n(-8).
8
Let t(g) = 3*g + 10. Calculate t(-5).
-5
Let j(b) = -b**3 - 11*b**2 - 14*b - 6. Determine j(-10).
34
Let p(r) = -3*r**2 - r + 1. Determine p(2).
-13
Let i(l) = 2*l - 4. Determine i(2).
0
Let w(r) = -25*r + 24. Determine w(6).
-126
Let j(i) = 2*i**2 - 11*i - 3. Determine j(9).
60
Let d(y) = -20*y - 1. What is d(1)?
-21
Let a(q) = -q**3 - 4*q**2 + 81*q + 1. Give a(7).
29
Let n(c) = -9*c + 9. Calculate n(4).
-27
Let w(n) = n + 18. What is w(8)?
26
Let f(c) = 12*c + 176. Give f(-13).
20
Let o(p) = 7*p + 4. Determine o(-8).
-52
Let l(p) = 2*p**3 - 23*p**2 + 12*p - 5. Give l(11).
6
Let z(j) = j**3 - 8*j**2 - 8*j - 11. Determine z(9).
-2
Let w(l) = -l + 7. Calculate w(-6).
13
Let z(h) = h**3 - 20*h**2 + 21*h - 37. Calculate z(19).
1
Let x(d) = -d**3 + 11*d**2 + 4. What is x(11)?
4
Let t(p) = p**3 - 5*p**2 - p + 8. What is t(4)?
-12
Let r(s) = s**3 + 14*s**2 + 42*s + 13. Give r(-10).
-7
Let p(f) = f**2 + f - 75. Give p(8).
-3
Let t(c) = -2*c**2 + 10*c + 42. Calculate t(8).
-6
Let b(o) = 4*o - 30. Determine b(16).
34
Let p(c) = 3*c**2 + 13*c + 9. What is p(-5)?
19
Let y(q) = -q**2 + 41*q + 442. What is y(50)?
-8
Let k(q) = -2*q + 26. Calculate k(12).
2
Let u(d) = -d**3 + 6*d**2 - 10*d + 13. What is u(5)?
-12
Let w(v) = 2*v**2 + 24*v - 22. Determine w(-14).
34
Let j(g) = g**3 - 26*g**2 - 23*g - 110. Calculate j(27).
-2
Let g(h) = h**2 - 15*h + 41. Calculate g(11).
-3
Let t(u) = -u - 23. Calculate t(-20).
-3
Let n(x) = x + 23. What is n(-11)?
12
Let m(c) = -c + 1. Determine m(-4).
5
Let a(x) = -x + 22. Give a(21).
1
Let o(k) = k**2 - 4*k - 7. Give o(6).
5
Let y(d) = 5*d - 210. Give y(43).
5
Let a(j) = j**3 + 3*j**2 - 2*j + 2. What is a(2)?
18
Let s(f) = -f**2 - 3*f - 4. Give s(-2).
-2
Let a(u) = -4*u**3 - 2*u**2 + 5*u - 4. Calculate a(1).
-5
Let z(v) = v - 11. Determine z(6).
-5
Let u(l) = 123*l + 748. Determine u(-6).
10
Let k(m) = 2*m + 24. Give k(-21).
-18
Let v(s) = 18*s + 88. Determine v(-5).
-2
Let f(j) = 2*j - 6. Give f(-2).
-10
Let o(r) = -23*r + 2. What is o(1)?
-21
Let q(l) = l**2 + 19*l + 32. Give q(-17).
-2
Let p(g) = g - 38. Calculate p(9).
-29
Let a(k) = -k + 14. What is a(4)?
10
Let d(v) = 9*v + 304. Calculate d(-30).
34
Let l(z) = z**3 + 20*z**2 + 22*z + 13. Determine l(-19).
-44
Let j(v) = 17*v**2 + 2*v - 1. Give j(1).
18
Let s(d) = -d**3 - 13*d**2 - 40*d + 9. Calculate s(-8).
9
Let n(h) = -2*h - 30. Give n(22).
-74
Let y(q) = q**2 + 3. Determine y(7).
52
Let k(u) = -u**2 + 16*u - 8. What is k(12)?
40
Let a(m) = -2*m**2 + 33*m - 5. Determine a(15).
40
Let b(u) = -u**3 + 23*u**2 - 21*u - 25. What is b(22)?
-3
Let s(t) = -t**2 + 5*t + 2. What is s(7)?
-12
Let b(v) = -13*v**2 + v + 5. What is b(3)?
-109
Let h(y) = y - 12. Give h(-12).
-24
Let q(d) = -9*d + 4. Calculate q(-1).
13
Let o(y) = -y**2 + 14*y - 25. What is o(3)?
8
Let f(i) = i**3 - 2*i**2 + 44. Determine f(0).
44
Let b(g) = -2*g**